-l. What is the remainder when l is divided by (-3 - (-64)/4) + 3 + -1?
14
Suppose -11*k = -14*k - 27. Let r = -29 - k. Let y = r - -49. Calculate the remainder when 83 is divided by y.
25
Let l(c) = 58*c**2 + 48*c - 17. Calculate the remainder when l(5) is divided by 67.
65
Suppose n - 11*d + 8*d = 9, 115 = 3*n - d. Let v = 33 + -20. Calculate the remainder when n is divided by v.
3
Let v(b) = -b**3 - 13*b**2 - 12*b + 10. Let u be v(-12). Let l be (-6515)/(-15) + (-1)/3. Calculate the remainder when -2 + l/u + (-2)/5 is divided by 7.
6
Suppose 5*h - 478 = 4*l, -3*h + 290 = -l - 3*l. Suppose -15*p = -h - 206. Calculate the remainder when 72 is divided by p.
12
Let b(m) = -46*m - 3403. Calculate the remainder when b(-83) is divided by 105.
100
Suppose -123 = -5*a - 3. What is the remainder when a is divided by (-828)/(-184)*2/3?
0
Let y = 445 - 292. Let b(g) = -30*g**3 - g**2 - 13*g - 11. What is the remainder when y is divided by b(-1)?
29
Suppose -5*u = 52*r - 49*r - 307, 5*r - 181 = -3*u. Calculate the remainder when 928 is divided by u.
60
Suppose -51*c + 52*c = -r + 29, r = c - 19. What is the remainder when 1462 is divided by c?
22
Let d = 13 + -32. Let u = 34 - d. Let s = 35 + -21. What is the remainder when u is divided by s?
11
Let p(a) = 39*a**2 + 105*a + 308. What is the remainder when p(-3) is divided by 13?
6
Let a(n) = n + 28. Suppose -4*t = -d - 1, 2*d - 1 = -4*t + 9. Suppose -5*b - 28 = d*c, 2*b + c + 4 = -2*c. Calculate the remainder when 37 is divided by a(b).
17
Suppose -4*u + 5*h = -6256, -1293 = -u - 2*h + 258. What is the remainder when u is divided by 104?
103
Let h(a) = a**3 + 43*a**2 + 50*a - 898. Calculate the remainder when h(-40) is divided by 39.
30
Let k = 352 - 349. Suppose 32*l - 35*l - 4*f + 113 = 0, -k*l + 145 = -4*f. Let b(u) = -u**2 + 11*u - 8. Calculate the remainder when l is divided by b(6).
21
Let c(y) = 18*y + 137. Let b be c(-8). Suppose -f - 4*f - 33 = -3*m, -m - 2*f = -11. What is the remainder when (220/b + 12/28)*-1 is divided by m?
9
Suppose -3*h - 2*h = -125. Let u(k) = 20*k**2 + 3*k + 3. Let s = 268 + -269. What is the remainder when h is divided by u(s)?
5
Suppose t + 104 = 13. Let d = 131 + t. Suppose 22*w - 10*w + 11527 - 13435 = 0. What is the remainder when w is divided by d?
39
Let t(l) = l**2 + 3*l + 15. Let m be t(-6). Suppose -5*f - 5*r - m = -4*r, 0 = -f - 3*r - 15. Calculate the remainder when 112 is divided by (18 - 0) + -3*2/f.
17
Let j(k) = -k**2 - 69*k - 1027. Calculate the remainder when 242 is divided by j(-41).
0
Let j be 4/34 - 133974/(-459). Let q = j + 32. Calculate the remainder when q is divided by 82.
78
Let v be (0/(-2))/(28/(-14)). Suppose 3*a - 4*i = 10, 2*a + v*i - 22 = -5*i. Calculate the remainder when 15 is divided by a.
3
Let b(m) = -23*m + 18. Let h(j) = -3*j - 27. Let u be h(-8). What is the remainder when b(u) is divided by 23?
18
Suppose 2*v - i + 10 = 0, -13*i + 9 = v - 10*i. Let m = 72 - -84. Calculate the remainder when m is divided by (-30)/v*-1*-4.
36
Suppose t = 44*v - 45*v + 35, 2*t - 70 = -3*v. Let n = -392 - -488. What is the remainder when n is divided by t?
26
Let a = 1428 - 1354. Calculate the remainder when 2661 is divided by a.
71
Suppose -o + 8 - 4 = 0, -f = -o - 9. Suppose 0 = -10*w + f + 77. Let a = 52 + -29. What is the remainder when a is divided by w?
5
Calculate the remainder when 269 is divided by (-6)/((-3)/(-18) + (-44)/168).
17
Let q = 55 - 37. Let t = 65547 - 65537. What is the remainder when q is divided by t?
8
Let a be (4 - 1)/(1/(-126)). Let d = 100 - 19. Calculate the remainder when d is divided by (3/9*-2)/(12/a).
18
Let l(o) = -57*o - 3. Let d be l(-4). Suppose 9*x = 4*x + d. What is the remainder when x is divided by ((-20)/(-2 - 0))/((-25)/(-30))?
9
Let n(s) = 2*s**2 - 6*s + 19. Suppose 13*l + 12 = 15*l. Calculate the remainder when 878 is divided by n(l).
53
Let i(w) = 34 + 6*w + 11 - 12 + w**2 + 4*w. Let q(j) = 1. Let b(y) = i(y) - 6*q(y). What is the remainder when 7 is divided by b(-6)?
1
Suppose -4*w = n + 8, -17*n + 16*n - w = -1. Calculate the remainder when 11251 is divided by n.
3
Let v be (6 + -4)/(-2) + (-10)/(-5). Calculate the remainder when -74*(4 + -2 - 3)*v is divided by 24.
2
Suppose -5*n - 4*c + 1750 = 0, -341*c = -3*n - 346*c + 1050. What is the remainder when n is divided by 106?
32
Suppose -14*i + 127480 - 45234 = -177552. What is the remainder when i is divided by 128?
125
Calculate the remainder when 303 - 0 - (-36 - -41) is divided by 171.
127
Suppose -276 = 7*f - 913. Calculate the remainder when 304 is divided by f.
31
Let t = -3689 + 4058. Calculate the remainder when t is divided by 214.
155
Let z = -63 - -75. Calculate the remainder when 24/(-30) + (-234)/(-30) + 146 is divided by z.
9
Let b be ((-5 + 9/2)*0)/(-2). What is the remainder when 104 is divided by -1*105*(b - (-6)/(-18))?
34
What is the remainder when (13 - 16)*(-47)/(-6)*(-26)/1 is divided by 75?
11
Suppose 0 = 3*m - 15, -3*x - 51 - 23 = -4*m. Let z(j) = -j**3 - 19*j**2 - 20*j + 4. Calculate the remainder when 518 is divided by z(x).
38
Let i(n) = 238*n - 15. Suppose -2*t + 2*b = 0, 3 - 5 = -2*b. What is the remainder when i(t) is divided by 15?
13
Calculate the remainder when -7 + 27 + -1 + -12 is divided by -4*(1 - 2) - -2.
1
Let b(t) be the second derivative of -t**5/20 - t**4/6 + 29*t**3/3 + 4*t**2 + 215*t. What is the remainder when 157 is divided by b(-9)?
51
Suppose 12*m + 4378 = 10606. Suppose -19*c + m = 120. What is the remainder when c is divided by 2?
1
Let y = -723 + 730. Calculate the remainder when -4 + 44/4 - -4 is divided by y.
4
Let s be (0 - 1) + 1 + 63. Let k = -25 + s. Let t = 18880 + -18869. Calculate the remainder when k is divided by t.
5
Suppose -5*c + 407 = l - 57, -4*l = -2*c + 168. What is the remainder when c is divided by 39?
14
Let s be (-4 - 10/(-5)) + -67. Let t = -58 - s. Suppose -t*h + 291 = -864. Calculate the remainder when h is divided by 18.
15
Let l = 257 - 104. Let k = l - 138. What is the remainder when 65 is divided by k?
5
Suppose n - 3*r + 49 = 0, -15*n - 5*r = -10*n + 145. What is the remainder when 1156/n*1/(-2) is divided by (-1 - 2)*(-3)/1?
8
Let d(t) = t**2 - 52*t - 2649. What is the remainder when 2378 is divided by d(-32)?
38
Let a(m) be the third derivative of m**5/60 - 5*m**4/12 - 23*m**3/3 - 4*m**2 - 1. Calculate the remainder when a(23) is divided by 51.
49
Calculate the remainder when 989 is divided by 209 - (3 - -8 - -2).
9
Let b = 321 - 417. Let q = -65 - b. Calculate the remainder when 57 is divided by q.
26
Let v = 14357 - 10107. Calculate the remainder when v is divided by 13.
12
Let r = 498 + -494. Suppose -3*y + q + 150 = 0, -1 = -r*q + 11. Calculate the remainder when 709 is divided by y.
46
Suppose -3*o - 5*s + 167 = -182, 2*o - 226 = -2*s. Calculate the remainder when 3563 is divided by o.
107
Let g be -2 + (-2)/(-6) + 60/90. Calculate the remainder when 31 is divided by (-13 + 0 + g)*(-31)/62.
3
Let b(o) = -o**3 + 9*o**2 - 5*o + 13. What is the remainder when 2108 is divided by b(8)?
36
Suppose s = -2*d + 25, 3*d = -0*s + 4*s + 65. What is the remainder when 246 is divided by 3/d*15 + 80?
80
Suppose -5*y + 596 + 114 = 0. Suppose 4*k - 276 = 4*d, y = 2*k - d + 3*d. Suppose 8*p - k = p. What is the remainder when p is divided by 4?
2
Let f be (-12)/(-8)*12/18. Let o be (f - 2)/((-8)/(-1800)). Let k = o + 360. What is the remainder when k is divided by 34?
33
Let v = -1404 - -577. Let s = 1409 + v. What is the remainder when s is divided by 45?
42
Let m = 547 - 290. What is the remainder when m is divided by (-2 + -2 - 48)/(-2)?
23
Suppose -15390 = 97*l - 211*l + 87*l. Calculate the remainder when l is divided by 98.
80
What is the remainder when (6215 + (17 - 6))/2 is divided by 35?
33
Let t = 114 - 112. Suppose 6*y = t*y + 12, -m + 135 = 2*y. Suppose -5*o + 82 = 5*f - 98, 0 = -5*o - 4*f + 178. Calculate the remainder when m is divided by o.
27
Let t be 0 - 2 - -4 - -1. Suppose -102 = -4*h - 0*a + a, 0 = -h + t*a + 31. Suppose 6*d - 321 = 261. What is the remainder when d is divided by h?
22
Let j(k) = 18*k**2 + 6*k - 7. Let o be j(1). Let h(s) = s**3 - 18*s**2 + 17*s + 2. What is the remainder when 29 is divided by h(o)?
1
Let t(b) = -b**2 - 3*b. Let r be t(-4). Le